ose -2*d + x + 12 = 0, d + x = -0*d. Let m(l) = l**3 - 5*l**2 + 4*l - 3. Calculate m(d).
-3
Let y(k) = -k**2 + 3*k + 2. Suppose 2*l - 6*l = 5*t - 12, 2*l - 6 = -2*t. Determine y(l).
2
Let r(j) = -3*j**2. Let t be r(1). Suppose 0 = -3*k - 10 + 22. Let c(y) = 4*y - k - 2*y - 3*y. What is c(t)?
-1
Let f(j) be the first derivative of 0*j**3 - 3/2*j**2 - 1/6*j**4 + 0*j + 4. Let g(h) be the second derivative of f(h). Calculate g(-1).
4
Let h(b) = b + 1. Let k(j) = -6*j - 18. Let v(l) = -5*h(l) - k(l). Determine v(0).
13
Let c(w) = -3*w**2 - 4*w - 2. Let k be (-2)/(8/(-12)) + -5. What is c(k)?
-6
Let n(l) = 0 - 2 - l + 0 + 0. Let k(s) = 2*s**3. Let c be k(1). Suppose -16 = -c*x + 5*u, -2*u = -3*x + 2*u + 10. Calculate n(x).
0
Let g(s) be the third derivative of -1/60*s**5 + 0*s - 1/2*s**3 + 0 - 1/12*s**4 + 3*s**2. Let u be 0 + (-1 - (4 - 2)). Determine g(u).
-6
Let k(u) be the third derivative of u**5/120 + 4*u**3/3 - 6*u**2. Let m(o) be the first derivative of k(o). Calculate m(-7).
-7
Let f(p) = -2*p**2 + 3*p - 1. Let b(g) = 2*g**3 - 59*g**2 + 28*g + 31. Let y be b(29). Determine f(y).
-3
Suppose 11 = -2*b + 1. Let h(p) = p**3 + 7*p**2 + 8*p + 3. Determine h(b).
13
Let m(g) be the first derivative of 3*g**4/4 - g**2/2 + 11. What is m(1)?
2
Let i = 11 - 11. Suppose 3*w + w - 4 = i. Let d(p) = -6*p**3 + 2*p**2 - p. Give d(w).
-5
Suppose 0 = 5*a + 24 + 26. Let n(g) = g**3 + 11*g**2 + 8*g - 14. Give n(a).
6
Suppose 13 - 1 = 2*b. Let i = b + -4. Let t(p) = 4*p - 2. Calculate t(i).
6
Let z(a) = a**3 + 6*a**2 + a - 1. Let y(m) = -m**3 - 5*m**2 - m. Let v(r) = 5*y(r) + 4*z(r). Determine v(0).
-4
Let j(q) = -154 + 2*q + 159 - 4*q. Calculate j(5).
-5
Let w(x) = -4*x**2 - 5*x - 1. Let b(h) = -5*h**2 - 6*h - 1. Let k(l) = -l + 11. Let z be k(8). Let t(f) = z*w(f) - 2*b(f). Determine t(-2).
-3
Suppose 3*y - 10 = 2*i, -5*i - y + 5*y - 18 = 0. Let z(p) = 3*p**2 + 2*p - 1. Calculate z(i).
7
Let h(x) = -5*x**3 + 5*x. Let s(k) = -6*k**3 + 6*k. Let n(i) = -5*h(i) + 4*s(i). Calculate n(1).
0
Let s(i) = -2*i - 17. Let t be s(-10). Let b(z) be the first derivative of 2/3*z**3 + t*z - 4 - 3/2*z**2. Calculate b(2).
5
Let f(j) = j - 1. Let i = -42 + 62. Suppose -3*v - 2*v = -i. Calculate f(v).
3
Let w be 30/42 + 4/14. Suppose -2*g - w = -3*g. Let i(z) = 4*z**2 + z. What is i(g)?
5
Let a(w) = -4*w - 8 + 2*w + w. Let q(y) = 8*y**2 + 2*y + 3. Let o be q(-2). Suppose 4*r + 5*b = 3*r - 25, o = -3*r - 4*b. What is a(r)?
-3
Let h(a) = -a**3 - 3*a**2. Suppose 2*t = 1 - 3. Let v = 4 + t. Suppose 2*f + 19 = -v*z, z + 15 = -5*f - 13. Give h(z).
0
Let f(x) = x**2 - x + 2. Let z be (2/3)/(2/6). Let c(q) = -q**2 + 2*q + 2. Let j be c(z). Suppose 6 = j*u + 4*v, 0*v + 9 = 3*u + 5*v. Determine f(u).
8
Let t(f) = f + 10. Suppose 0 = 5*m + 4*b + 15, -4*m + 4*b + 26 = 2. Let q = -6 + m. Give t(q).
5
Let j(d) = d - 3. Let m(g) = -2*g + 5. Suppose 55 = -2*k - 3*k. Let q(u) = k*j(u) - 6*m(u). Calculate q(3).
6
Let k(c) = -4 - 3 + c - 2. Let f be k(10). Let g(i) = -4*i**2 - 1. Determine g(f).
-5
Let y = 9 + -6. Let o = -8 + y. Let k(m) = m**2 + 3*m - 6. Calculate k(o).
4
Let u(x) be the first derivative of 1/4*x**4 - 4*x - 4/3*x**3 - 3 + x**2. Let a(c) = -c**2 - 4*c + 4. Let n be a(-4). Calculate u(n).
4
Let m = 13/8 - 37/24. Let t(j) be the second derivative of 0*j**2 + 1/3*j**3 - 3*j - m*j**4 + 0. Give t(2).
0
Let t(p) = -2*p + 1 + 3*p - 2. Let l be 30/6 - (0 - -1). Suppose -8*y = -3*y - 5*z + 5, -y + l*z = -14. Determine t(y).
-7
Let y(w) = -w - 1. Let d be 0 + 10 + (2 - 4). Let k = d - 3. Give y(k).
-6
Let h(m) = m**3 - 5*m**2 + 2*m + 7. Let k(r) = 7*r - 67. Let d be k(10). Determine h(d).
-5
Let t(h) = -h**2 + h - 3. Suppose -4*b - b = -20. Suppose q - 2*w = b, 2*q + 2*w = q - 4. What is t(q)?
-3
Let o(g) = 2*g**2 + 5*g + 4. Let r be -15*2/5*-1. Let n be (-4)/(-12) - 20/r. Let d(a) = a**2 + a + 1. Let z(y) = n*d(y) + o(y). Determine z(3).
-2
Let g(k) = -k**3 - 7*k**2 - 8*k - 6. Suppose 7*y = 11*y + 8. Let f = -4 + y. Determine g(f).
6
Let n(s) = s**2 + 11*s - 6. Let f(u) = 3*u**2 - 30*u - 11. Let l be f(10). Give n(l).
-6
Let z be 8/12*(2 - -1). Let g(v) = 4 - 3 + 0 + v**z + v. What is g(-3)?
7
Let k(g) = 8*g - 1. Let h be k(-1). Let d = 33 + -37. Let o(q) = q**3 + 5*q - 11. Let z(y) = -2*y + 5. Let l(b) = d*o(b) + h*z(b). Determine l(-1).
5
Let i(p) = -p**2 - 2*p + 2. Let c be -3 - (-3 + 1 + 1). What is i(c)?
2
Let d(o) = -o + 1. Suppose 4*f = 2 + 14. Let v(l) = -4*l + f*l**3 + 4*l. Let c be v(1). Determine d(c).
-3
Let c(q) = q**3 + 284*q**2 - 3 + 0*q**3 - 3 + 2*q - 293*q**2. Determine c(9).
12
Let j(c) = -c. Let h be j(0). Let g be (-2 - -1)*5 - h. Let v(i) = -i**3 - 6*i**2 - 3*i + 2. Give v(g).
-8
Suppose 5*s - 4*r + 7 = 19, -4*r = 3*s + 12. Let t(d) be the second derivative of d**5/20 + d**4/12 + d**2 + d. Give t(s).
2
Let m(j) = 5*j**3 + 10*j**3 - 2*j + 1 - 27*j**2 + 28*j**2. Give m(1).
15
Let z(l) be the third derivative of -l**9/60480 + l**8/10080 + l**7/5040 - l**6/360 - l**5/60 + 5*l**2. Let w(i) be the third derivative of z(i). Give w(2).
0
Let t(v) be the first derivative of v**6/120 + v**5/15 - 5*v**4/24 + 3*v**2/2 + 4. Let u(k) be the second derivative of t(k). What is u(-5)?
0
Let v(h) = -h**2 + 11*h - 1. Suppose -r + 1 + 10 = 0. Determine v(r).
-1
Let p(c) = c**2 - 6*c - 5. Let z be 3 - (-4)/(-12)*3. Suppose -2*r + 7 = -z*x - 3, 5*x + 5 = r. Give p(r).
-10
Let x(u) = -3*u**3 + 32*u**2 - 26*u - 35. Let i(d) = -d**3 + 11*d**2 - 9*d - 12. Let b(m) = 8*i(m) - 3*x(m). Calculate b(7).
2
Let h(u) = u + 4. Let j = -81 - -79. What is h(j)?
2
Let j(b) = 7*b**2 + b. Let n be 5/(10/4) + -3. What is j(n)?
6
Let o(h) = -h**3 - h**2 + 10. Let u(j) = -j**2 + 9 + j**2 - j**3. Let c(l) = 4*o(l) - 5*u(l). Let f = 12 + -8. Give c(f).
-5
Let d(q) be the second derivative of -5*q**3/6 + 2*q**2 + 3*q. Give d(3).
-11
Suppose -5*b = -2*z + 4*z + 7, 0 = 2*z + 4*b + 4. Let w(a) = -a**2 + a + 1. What is w(z)?
-11
Let q(x) be the first derivative of x**3/3 + 3*x**2 - x + 8. Give q(-5).
-6
Let f = -1 - 1. Let k(m) = -m**2 - 2*m. What is k(f)?
0
Let u(c) = 8*c**2 + 3*c**3 - 10*c**3 + 7*c - 15*c**2 - 1. Let o(w) = 7*w**3 + 6*w**2 - 6*w + 1. Let z(r) = -7*o(r) - 6*u(r). What is z(-1)?
6
Let d = -16 - -10. Let m(k) = -k + 3 - 11 - 4. What is m(d)?
-6
Let g(i) be the first derivative of i**2/2 + 2*i - 3. Let b be g(-6). Let m(r) = -r - 2. Determine m(b).
2
Let p(t) = t + 1. Let m(d) = -d**2 - 4*d + 7. Let v(c) = -m(c) + 2*p(c). Give v(-6).
-5
Let i(s) be the third derivative of -s**5/60 - s**4/24 + 5*s**3/6 + 2*s**2. Give i(0).
5
Let l(f) = -f + 3. Let x be (-72)/20 + (-3)/(-5). What is l(x)?
6
Let c(q) = -q**2 + 1. Let k(a) = 9*a**2 - 2*a - 1. Let m(z) = 14*z**2 - 3*z - 1. Let v(i) = -8*k(i) + 5*m(i). Let s(f) = -c(f) + v(f). Give s(2).
0
Let w(o) = -o**2. Let i(h) = -h**3 + 12*h**2 + h - 4. Let m(z) = i(z) + 6*w(z). Calculate m(6).
2
Let x be 6/21 - 61/(-7). Let r = x + -14. Let s(p) = -p**3 - 6*p**2 - 5*p - 6. Calculate s(r).
-6
Let t(m) be the first derivative of -2 + 0*m**2 - 1/4*m**4 - 4/3*m**3 + 2*m. Give t(-2).
-6
Let w(u) = -7*u**2 - 12*u + 7. Let v(a) = 10*a**2 + 18*a - 10. Let y(r) = 5*v(r) + 7*w(r). Let f be (-6)/(-3)*(-15)/6. Give y(f).
-6
Let a(f) = -7*f - 7. Suppose -55 = -2*t - 5*z, -5*t - 2*z + 95 = 2*z. Suppose -2*s - s = -t. Let h(o) = 3*o + 3. Let c(u) = s*h(u) + 2*a(u). What is c(-1)?
0
Let w = 13 + -9. Let o(c) = c**3 - 3*c**2 - 2*c - 2. What is o(w)?
6
Let s(u) = 0 + u**2 - 1 + 9*u + 3 - 2*u**2. Give s(10).
-8
Let d = -2 + 2. Let f(s) be the first derivative of -s**3/3 - s**2/2 - 3*s + 1. Give f(d).
-3
Let f(y) = y - 5. Let a be f(8). Let z(o) = -a*o - 4 + o**2 + 8*o - 4. Calculate z(-7).
6
Let k(r) be the second derivative of -r**4/6 - r**3/6 + 5*r. Give k(-2).
-6
Let c be (2 - -1)/(1/1). Let y(u) = 4*u - c*u + 2*u - 3. Let s = 12 - 8. What is y(s)?
9
Let o(a) be the first derivative of a**4/4 + 2*a**3 + 5*a**2/2 + 3*a - 19. Suppose -14 - 1 = 3*u. Determine o(u).
3
Let k(v) = v**2 - 10*v + 7. Suppose -22*j + 6 = -21*j. Calculate k(j).
-17
Let z(g) = g**2 + 4*g - 6. Let i = -9 - -12. Let t(b) = -b + i - b - b - b. Let c be t(2). Calculate z(c).
-1
Let p(n) = -2*n - 6. Suppose -22 = -5*d + 3. Determine p(d).
-16
Let u(y) be the third derivative of 2*y**2 + 1/6*y**3 + 1/120*y**5 + 0*y